{"id":26,"date":"2016-02-01T20:25:45","date_gmt":"2016-02-01T20:25:45","guid":{"rendered":"http:\/\/localhost\/_lyrathemes\/vega-lite\/?page_id=26"},"modified":"2019-01-03T08:53:37","modified_gmt":"2019-01-03T08:53:37","slug":"welcome-to-vega-lite","status":"publish","type":"page","link":"https:\/\/rehabilitaciondetuberias.net\/","title":{"rendered":"Rehabilitaci\u00f3n de Tuber\u00edas"},"content":{"rendered":"<p style=\"text-align: center;\">La tecnolog\u00eda de\u00a0<strong>rehabilitaci\u00f3n y reparaci\u00f3n de tuber\u00edas<\/strong>\u00a0sin obra ofrece una soluci\u00f3n r\u00e1pida y econ\u00f3mica a los problemas de roturas, fisuras o juntas abiertas en el interior de tuber\u00edas de saneamiento, abastecimiento y colectores industriales.<\/p>\n<p>Esta tecnolog\u00eda unida a la experiencia de los profesionales de\u00a0<a href=\"http:\/\/www.ovical.es\/\">Ovical<\/a>\u00a0garantizan una<strong> total seguridad en la reparaci\u00f3n de tuber\u00edas<\/strong>.<\/p>\n<p>Resolvemos sus problemas de forma r\u00e1pida,\u00a0con soluciones personalizadas que se ajustan a sus requerimientos y especificaciones de obra.<\/p>\n<p>Con estos sistemas de <strong>reparaci\u00f3n de tuber\u00edas de \u00faltima generaci\u00f3n<\/strong> adem\u00e1s de evitar tener que\u00a0realizar inc\u00f3modas obras con apertura de pavimentos y zanjas como era necesario a la manera tradicional, conseguimos una serie de\u00a0ventajas como:<\/p>\n<p style=\"text-align: center;\"><u>\u00ad<\/u>Reducir notablemente los\u00a0 plazo de ejecuci\u00f3n &#8211;\u00a0Reparaci\u00f3n de tuber\u00edas en puntos localizados &#8211;\u00a0Reducimos costes econ\u00f3micos &#8211;\u00a0Se minimiza el corte de calles para el tr\u00e1fico rodado, peatones, comercios, etc. &#8211;\u00a0Menos molestias sociales, ruidos, suciedad, etc. &#8211;\u00a0No es necesario interrumpir los servicios de alcantarillado &#8211;\u00a0Equipos port\u00e1tiles para interior de edificios, s\u00f3tanos, etc. &#8211;\u00a0M\u00e1s resistencia a la presi\u00f3n y rotura &#8211;\u00a0Larga duraci\u00f3n al deterioro &#8211;\u00a0Alta resistencia qu\u00edmica &#8211;\u00a0Respeta el medio ambiente &#8211;\u00a0Menos riesgo de accidente laboral<\/p>\n<p><img loading=\"lazy\" decoding=\"async\" class=\"aligncenter wp-image-819 size-full\" src=\"https:\/\/rehabilitaciondetuberias.net\/wp-content\/uploads\/2018\/12\/rehab-tub.jpg\" alt=\"\" width=\"749\" height=\"368\" srcset=\"https:\/\/rehabilitaciondetuberias.net\/wp-content\/uploads\/2018\/12\/rehab-tub.jpg 749w, https:\/\/rehabilitaciondetuberias.net\/wp-content\/uploads\/2018\/12\/rehab-tub-300x147.jpg 300w\" sizes=\"auto, (max-width: 749px) 100vw, 749px\" \/><\/p>\n<p>En\u00a0<strong>Ovical, especialistas en rehabilitaci\u00f3n y reparaci\u00f3n de tuber\u00edas en Sevilla capital y provincia,<\/strong>\u00a0disponemos de la tecnolog\u00eda m\u00e1s innovadora y actual disponible para\u00a0este tipo de reparaciones\u00a0sin necesidad de realizar obras con zanjas o levantar el pavimento:<\/p>\n<h3 style=\"text-align: center;\"><a href=\"https:\/\/ovical.com\/sistema-packers-reparacion-de-tuberia\/\">Sistema Packer<\/a> \u00b7\u00a0<a href=\"https:\/\/ovical.com\/manga-de-inversion-rehabilitacion-de-tuberias-sin-obra\/\">Manga de Inversi\u00f3n<\/a> \u00b7\u00a0<a href=\"https:\/\/ovical.com\/reparacion-tuberia-sistema-quick-lock\/\">Quick Lock<\/a> \u00b7\u00a0<a href=\"https:\/\/ovical.com\/inyeccion-de-resina-sellado-filtraciones\/\">Inyecci\u00f3n de Resina<\/a> \u00b7\u00a0<a href=\"https:\/\/ovical.com\/inspeccion-de-tuberias-sevilla\/\">C\u00e1mara de inspecci\u00f3n CCTV<\/a> \u00b7\u00a0<a href=\"https:\/\/ovical.com\/fresado-de-tuberias\/\" target=\"_blank\" rel=\"noopener noreferrer\">Robot Fresador<\/a> \u00b7\u00a0<a href=\"https:\/\/ovical.com\/localizador-de-tuberias\/\" target=\"_blank\" rel=\"noopener noreferrer\">Localizador<\/a> \u00b7\u00a0<a href=\"https:\/\/ovical.com\/pruebas-de-estanqueidad\/\" target=\"_blank\" rel=\"noopener noreferrer\">Equipo de estanqueidad<\/a><\/h3>\n<p>&nbsp;<\/p>\n","protected":false},"excerpt":{"rendered":"<p>La tecnolog\u00eda de\u00a0rehabilitaci\u00f3n y reparaci\u00f3n de tuber\u00edas\u00a0sin obra ofrece una soluci\u00f3n r\u00e1pida y econ\u00f3mica a los problemas de roturas, fisuras o juntas abiertas en el interior de tuber\u00edas de saneamiento, abastecimiento y colectores industriales. Esta tecnolog\u00eda unida a la experiencia de los profesionales de\u00a0Ovical\u00a0garantizan una total seguridad en la reparaci\u00f3n de tuber\u00edas. Resolvemos sus problemas de forma r\u00e1pida,\u00a0con soluciones personalizadas que se ajustan a sus [&hellip;]<\/p>\n","protected":false},"author":1,"featured_media":0,"parent":0,"menu_order":0,"comment_status":"closed","ping_status":"closed","template":"","meta":{"_monsterinsights_skip_tracking":false,"_monsterinsights_sitenote_active":false,"_monsterinsights_sitenote_note":"","_monsterinsights_sitenote_category":0,"footnotes":""},"class_list":["post-26","page","type-page","status-publish","hentry"],"yoast_head":"<!-- This site is optimized with the Yoast SEO plugin v26.7 - https:\/\/yoast.com\/wordpress\/plugins\/seo\/ -->\n<title>Rehabilitacion de Tuberias | OVICAL, Desatascos en Sevilla<\/title>\n<meta name=\"description\" content=\"Ovical es especialista en reparaci\u00f3n y rehabilitaci\u00f3n de tuber\u00edas en Sevilla. Nos ajustamos a sus plazos y a sus requerimientos y especificaciones de obra.\" \/>\n<meta name=\"robots\" content=\"index, follow, max-snippet:-1, max-image-preview:large, max-video-preview:-1\" \/>\n<link rel=\"canonical\" href=\"https:\/\/rehabilitaciondetuberias.net\/\" \/>\n<meta property=\"og:locale\" content=\"es_ES\" \/>\n<meta property=\"og:type\" content=\"article\" \/>\n<meta property=\"og:title\" content=\"Rehabilitacion de Tuberias | OVICAL, Desatascos en Sevilla\" \/>\n<meta property=\"og:description\" content=\"Ovical es especialista en reparaci\u00f3n y rehabilitaci\u00f3n de tuber\u00edas en Sevilla. Nos ajustamos a sus plazos y a sus requerimientos y especificaciones de obra.\" \/>\n<meta property=\"og:url\" content=\"https:\/\/rehabilitaciondetuberias.net\/\" \/>\n<meta property=\"og:site_name\" content=\"Rehabilitacion de Tuberias\" \/>\n<meta property=\"article:modified_time\" content=\"2019-01-03T08:53:37+00:00\" \/>\n<meta property=\"og:image\" content=\"https:\/\/rehabilitaciondetuberias.net\/wp-content\/uploads\/2018\/12\/rehab-tub.jpg\" \/>\n<meta name=\"twitter:card\" content=\"summary_large_image\" \/>\n<meta name=\"twitter:label1\" content=\"Tiempo de lectura\" \/>\n\t<meta name=\"twitter:data1\" content=\"1 minuto\" \/>\n<script type=\"application\/ld+json\" class=\"yoast-schema-graph\">{\"@context\":\"https:\/\/schema.org\",\"@graph\":[{\"@type\":\"WebPage\",\"@id\":\"https:\/\/rehabilitaciondetuberias.net\/\",\"url\":\"https:\/\/rehabilitaciondetuberias.net\/\",\"name\":\"Rehabilitacion de Tuberias | OVICAL, Desatascos en Sevilla\",\"isPartOf\":{\"@id\":\"https:\/\/rehabilitaciondetuberias.net\/#website\"},\"primaryImageOfPage\":{\"@id\":\"https:\/\/rehabilitaciondetuberias.net\/#primaryimage\"},\"image\":{\"@id\":\"https:\/\/rehabilitaciondetuberias.net\/#primaryimage\"},\"thumbnailUrl\":\"https:\/\/rehabilitaciondetuberias.net\/wp-content\/uploads\/2018\/12\/rehab-tub.jpg\",\"datePublished\":\"2016-02-01T20:25:45+00:00\",\"dateModified\":\"2019-01-03T08:53:37+00:00\",\"description\":\"Ovical es especialista en reparaci\u00f3n y rehabilitaci\u00f3n de tuber\u00edas en Sevilla. Nos ajustamos a sus plazos y a sus requerimientos y especificaciones de obra.\",\"breadcrumb\":{\"@id\":\"https:\/\/rehabilitaciondetuberias.net\/#breadcrumb\"},\"inLanguage\":\"es\",\"potentialAction\":[{\"@type\":\"ReadAction\",\"target\":[\"https:\/\/rehabilitaciondetuberias.net\/\"]}]},{\"@type\":\"ImageObject\",\"inLanguage\":\"es\",\"@id\":\"https:\/\/rehabilitaciondetuberias.net\/#primaryimage\",\"url\":\"https:\/\/rehabilitaciondetuberias.net\/wp-content\/uploads\/2018\/12\/rehab-tub.jpg\",\"contentUrl\":\"https:\/\/rehabilitaciondetuberias.net\/wp-content\/uploads\/2018\/12\/rehab-tub.jpg\",\"width\":749,\"height\":368},{\"@type\":\"BreadcrumbList\",\"@id\":\"https:\/\/rehabilitaciondetuberias.net\/#breadcrumb\",\"itemListElement\":[{\"@type\":\"ListItem\",\"position\":1,\"name\":\"Portada\",\"item\":\"https:\/\/rehabilitaciondetuberias.net\/\"},{\"@type\":\"ListItem\",\"position\":2,\"name\":\"Rehabilitaci\u00f3n de Tuber\u00edas\"}]},{\"@type\":\"WebSite\",\"@id\":\"https:\/\/rehabilitaciondetuberias.net\/#website\",\"url\":\"https:\/\/rehabilitaciondetuberias.net\/\",\"name\":\"Rehabilitacion de Tuberias\",\"description\":\"OVICAL - Empresa de Desatascos en Sevilla\",\"publisher\":{\"@id\":\"https:\/\/rehabilitaciondetuberias.net\/#organization\"},\"potentialAction\":[{\"@type\":\"SearchAction\",\"target\":{\"@type\":\"EntryPoint\",\"urlTemplate\":\"https:\/\/rehabilitaciondetuberias.net\/?s={search_term_string}\"},\"query-input\":{\"@type\":\"PropertyValueSpecification\",\"valueRequired\":true,\"valueName\":\"search_term_string\"}}],\"inLanguage\":\"es\"},{\"@type\":\"Organization\",\"@id\":\"https:\/\/rehabilitaciondetuberias.net\/#organization\",\"name\":\"Rehabilitacion de Tuberias\",\"url\":\"https:\/\/rehabilitaciondetuberias.net\/\",\"logo\":{\"@type\":\"ImageObject\",\"inLanguage\":\"es\",\"@id\":\"https:\/\/rehabilitaciondetuberias.net\/#\/schema\/logo\/image\/\",\"url\":\"https:\/\/rehabilitaciondetuberias.net\/wp-content\/uploads\/2018\/12\/cropped-logo-ovical.png\",\"contentUrl\":\"https:\/\/rehabilitaciondetuberias.net\/wp-content\/uploads\/2018\/12\/cropped-logo-ovical.png\",\"width\":190,\"height\":86,\"caption\":\"Rehabilitacion de Tuberias\"},\"image\":{\"@id\":\"https:\/\/rehabilitaciondetuberias.net\/#\/schema\/logo\/image\/\"}}]}<\/script>\n<!-- \/ Yoast SEO plugin. -->","yoast_head_json":{"title":"Rehabilitacion de Tuberias | OVICAL, Desatascos en Sevilla","description":"Ovical es especialista en reparaci\u00f3n y rehabilitaci\u00f3n de tuber\u00edas en Sevilla. Nos ajustamos a sus plazos y a sus requerimientos y especificaciones de obra.","robots":{"index":"index","follow":"follow","max-snippet":"max-snippet:-1","max-image-preview":"max-image-preview:large","max-video-preview":"max-video-preview:-1"},"canonical":"https:\/\/rehabilitaciondetuberias.net\/","og_locale":"es_ES","og_type":"article","og_title":"Rehabilitacion de Tuberias | OVICAL, Desatascos en Sevilla","og_description":"Ovical es especialista en reparaci\u00f3n y rehabilitaci\u00f3n de tuber\u00edas en Sevilla. Nos ajustamos a sus plazos y a sus requerimientos y especificaciones de obra.","og_url":"https:\/\/rehabilitaciondetuberias.net\/","og_site_name":"Rehabilitacion de Tuberias","article_modified_time":"2019-01-03T08:53:37+00:00","og_image":[{"url":"https:\/\/rehabilitaciondetuberias.net\/wp-content\/uploads\/2018\/12\/rehab-tub.jpg","type":"","width":"","height":""}],"twitter_card":"summary_large_image","twitter_misc":{"Tiempo de lectura":"1 minuto"},"schema":{"@context":"https:\/\/schema.org","@graph":[{"@type":"WebPage","@id":"https:\/\/rehabilitaciondetuberias.net\/","url":"https:\/\/rehabilitaciondetuberias.net\/","name":"Rehabilitacion de Tuberias | OVICAL, Desatascos en Sevilla","isPartOf":{"@id":"https:\/\/rehabilitaciondetuberias.net\/#website"},"primaryImageOfPage":{"@id":"https:\/\/rehabilitaciondetuberias.net\/#primaryimage"},"image":{"@id":"https:\/\/rehabilitaciondetuberias.net\/#primaryimage"},"thumbnailUrl":"https:\/\/rehabilitaciondetuberias.net\/wp-content\/uploads\/2018\/12\/rehab-tub.jpg","datePublished":"2016-02-01T20:25:45+00:00","dateModified":"2019-01-03T08:53:37+00:00","description":"Ovical es especialista en reparaci\u00f3n y rehabilitaci\u00f3n de tuber\u00edas en Sevilla. Nos ajustamos a sus plazos y a sus requerimientos y especificaciones de obra.","breadcrumb":{"@id":"https:\/\/rehabilitaciondetuberias.net\/#breadcrumb"},"inLanguage":"es","potentialAction":[{"@type":"ReadAction","target":["https:\/\/rehabilitaciondetuberias.net\/"]}]},{"@type":"ImageObject","inLanguage":"es","@id":"https:\/\/rehabilitaciondetuberias.net\/#primaryimage","url":"https:\/\/rehabilitaciondetuberias.net\/wp-content\/uploads\/2018\/12\/rehab-tub.jpg","contentUrl":"https:\/\/rehabilitaciondetuberias.net\/wp-content\/uploads\/2018\/12\/rehab-tub.jpg","width":749,"height":368},{"@type":"BreadcrumbList","@id":"https:\/\/rehabilitaciondetuberias.net\/#breadcrumb","itemListElement":[{"@type":"ListItem","position":1,"name":"Portada","item":"https:\/\/rehabilitaciondetuberias.net\/"},{"@type":"ListItem","position":2,"name":"Rehabilitaci\u00f3n de Tuber\u00edas"}]},{"@type":"WebSite","@id":"https:\/\/rehabilitaciondetuberias.net\/#website","url":"https:\/\/rehabilitaciondetuberias.net\/","name":"Rehabilitacion de Tuberias","description":"OVICAL - Empresa de Desatascos en Sevilla","publisher":{"@id":"https:\/\/rehabilitaciondetuberias.net\/#organization"},"potentialAction":[{"@type":"SearchAction","target":{"@type":"EntryPoint","urlTemplate":"https:\/\/rehabilitaciondetuberias.net\/?s={search_term_string}"},"query-input":{"@type":"PropertyValueSpecification","valueRequired":true,"valueName":"search_term_string"}}],"inLanguage":"es"},{"@type":"Organization","@id":"https:\/\/rehabilitaciondetuberias.net\/#organization","name":"Rehabilitacion de Tuberias","url":"https:\/\/rehabilitaciondetuberias.net\/","logo":{"@type":"ImageObject","inLanguage":"es","@id":"https:\/\/rehabilitaciondetuberias.net\/#\/schema\/logo\/image\/","url":"https:\/\/rehabilitaciondetuberias.net\/wp-content\/uploads\/2018\/12\/cropped-logo-ovical.png","contentUrl":"https:\/\/rehabilitaciondetuberias.net\/wp-content\/uploads\/2018\/12\/cropped-logo-ovical.png","width":190,"height":86,"caption":"Rehabilitacion de Tuberias"},"image":{"@id":"https:\/\/rehabilitaciondetuberias.net\/#\/schema\/logo\/image\/"}}]}},"_links":{"self":[{"href":"https:\/\/rehabilitaciondetuberias.net\/index.php?rest_route=\/wp\/v2\/pages\/26","targetHints":{"allow":["GET"]}}],"collection":[{"href":"https:\/\/rehabilitaciondetuberias.net\/index.php?rest_route=\/wp\/v2\/pages"}],"about":[{"href":"https:\/\/rehabilitaciondetuberias.net\/index.php?rest_route=\/wp\/v2\/types\/page"}],"author":[{"embeddable":true,"href":"https:\/\/rehabilitaciondetuberias.net\/index.php?rest_route=\/wp\/v2\/users\/1"}],"replies":[{"embeddable":true,"href":"https:\/\/rehabilitaciondetuberias.net\/index.php?rest_route=%2Fwp%2Fv2%2Fcomments&post=26"}],"version-history":[{"count":15,"href":"https:\/\/rehabilitaciondetuberias.net\/index.php?rest_route=\/wp\/v2\/pages\/26\/revisions"}],"predecessor-version":[{"id":881,"href":"https:\/\/rehabilitaciondetuberias.net\/index.php?rest_route=\/wp\/v2\/pages\/26\/revisions\/881"}],"wp:attachment":[{"href":"https:\/\/rehabilitaciondetuberias.net\/index.php?rest_route=%2Fwp%2Fv2%2Fmedia&parent=26"}],"curies":[{"name":"wp","href":"https:\/\/api.w.org\/{rel}","templated":true}]}}