{"id":178,"date":"2016-02-13T00:14:16","date_gmt":"2016-02-13T00:14:16","guid":{"rendered":"http:\/\/localhost\/_lyrathemes\/vega-lite\/?page_id=178"},"modified":"2018-12-28T14:16:19","modified_gmt":"2018-12-28T14:16:19","slug":"about-us","status":"publish","type":"page","link":"https:\/\/rehabilitaciondetuberias.net\/?page_id=178","title":{"rendered":"Contactar"},"content":{"rendered":"\r\n<p style=\"text-align: center;\">En OVICAL solucionamos sus problemas de rehabilitaci\u00f3n de tuber\u00edas, limpieza de alcantarillado, desatascos, inspecci\u00f3n de aguas y gesti\u00f3n de residuos con total garant\u00eda. Contacte con nosotros. Hacemos servicios urgentes 24 horas.<\/p>\r\n\r\n\r\n\r\n\r\n\r\n<p>&nbsp;<\/p>\r\n<p style=\"text-align: center;\">Calle Torregrosa, 19. 41016 Sevilla<br \/>Tel.: 954 406 635 &#8211; M.: 619 042 812<br \/><a href=\"https:\/\/ovical.com\/\" target=\"_blank\" rel=\"noreferrer noopener\">www.ovical.com<\/a><\/p>\r\n\r\n\r\n\r\n<div class=\"wp-block-spacer\" style=\"height: 37px;\" aria-hidden=\"true\">\u00a0<\/div>\r\n\r\n\r\n\r\n<p style=\"text-align: center;\"><iframe loading=\"lazy\" style=\"border: 0;\" src=\"https:\/\/www.google.com\/maps\/embed?pb=!1m18!1m12!1m3!1d3170.1619445377078!2d-5.909784484545933!3d37.38600227983213!2m3!1f0!2f0!3f0!3m2!1i1024!2i768!4f13.1!3m3!1m2!1s0xd126f5d6bce27a1%3A0x887d8c4e6f00adec!2sDesatascos+Ovical!5e0!3m2!1ses!2ses!4v1546000846677\" width=\"1050\" height=\"450\" frameborder=\"0\" allowfullscreen=\"allowfullscreen\"><\/iframe><\/p>\r\n","protected":false},"excerpt":{"rendered":"<p>En OVICAL solucionamos sus problemas de rehabilitaci\u00f3n de tuber\u00edas, limpieza de alcantarillado, desatascos, inspecci\u00f3n de aguas y gesti\u00f3n de residuos con total garant\u00eda. Contacte con nosotros. Hacemos servicios urgentes 24 horas. &nbsp; Calle Torregrosa, 19. 41016 SevillaTel.: 954 406 635 &#8211; M.: 619 042 812www.ovical.com<\/p>\n","protected":false},"author":1,"featured_media":0,"parent":0,"menu_order":0,"comment_status":"closed","ping_status":"closed","template":"template-full-width.php","meta":{"_monsterinsights_skip_tracking":false,"_monsterinsights_sitenote_active":false,"_monsterinsights_sitenote_note":"","_monsterinsights_sitenote_category":0,"footnotes":""},"class_list":["post-178","page","type-page","status-publish","hentry"],"yoast_head":"<!-- This site is optimized with the Yoast SEO plugin v26.7 - https:\/\/yoast.com\/wordpress\/plugins\/seo\/ -->\n<title>Contactar - Rehabilitacion de Tuberias<\/title>\n<meta name=\"robots\" content=\"index, follow, max-snippet:-1, max-image-preview:large, max-video-preview:-1\" \/>\n<link rel=\"canonical\" href=\"https:\/\/rehabilitaciondetuberias.net\/?page_id=178\" \/>\n<meta property=\"og:locale\" content=\"es_ES\" \/>\n<meta property=\"og:type\" content=\"article\" \/>\n<meta property=\"og:title\" content=\"Contactar - Rehabilitacion de Tuberias\" \/>\n<meta property=\"og:description\" content=\"En OVICAL solucionamos sus problemas de rehabilitaci\u00f3n de tuber\u00edas, limpieza de alcantarillado, desatascos, inspecci\u00f3n de aguas y gesti\u00f3n de residuos con total garant\u00eda. Contacte con nosotros. Hacemos servicios urgentes 24 horas. &nbsp; Calle Torregrosa, 19. 41016 SevillaTel.: 954 406 635 &#8211; M.: 619 042 812www.ovical.com\" \/>\n<meta property=\"og:url\" content=\"https:\/\/rehabilitaciondetuberias.net\/?page_id=178\" \/>\n<meta property=\"og:site_name\" content=\"Rehabilitacion de Tuberias\" \/>\n<meta property=\"article:modified_time\" content=\"2018-12-28T14:16:19+00:00\" \/>\n<meta name=\"twitter:card\" content=\"summary_large_image\" \/>\n<script type=\"application\/ld+json\" class=\"yoast-schema-graph\">{\"@context\":\"https:\/\/schema.org\",\"@graph\":[{\"@type\":\"WebPage\",\"@id\":\"https:\/\/rehabilitaciondetuberias.net\/?page_id=178\",\"url\":\"https:\/\/rehabilitaciondetuberias.net\/?page_id=178\",\"name\":\"Contactar - Rehabilitacion de Tuberias\",\"isPartOf\":{\"@id\":\"https:\/\/rehabilitaciondetuberias.net\/#website\"},\"datePublished\":\"2016-02-13T00:14:16+00:00\",\"dateModified\":\"2018-12-28T14:16:19+00:00\",\"breadcrumb\":{\"@id\":\"https:\/\/rehabilitaciondetuberias.net\/?page_id=178#breadcrumb\"},\"inLanguage\":\"es\",\"potentialAction\":[{\"@type\":\"ReadAction\",\"target\":[\"https:\/\/rehabilitaciondetuberias.net\/?page_id=178\"]}]},{\"@type\":\"BreadcrumbList\",\"@id\":\"https:\/\/rehabilitaciondetuberias.net\/?page_id=178#breadcrumb\",\"itemListElement\":[{\"@type\":\"ListItem\",\"position\":1,\"name\":\"Portada\",\"item\":\"https:\/\/rehabilitaciondetuberias.net\/\"},{\"@type\":\"ListItem\",\"position\":2,\"name\":\"Contactar\"}]},{\"@type\":\"WebSite\",\"@id\":\"https:\/\/rehabilitaciondetuberias.net\/#website\",\"url\":\"https:\/\/rehabilitaciondetuberias.net\/\",\"name\":\"Rehabilitacion de Tuberias\",\"description\":\"OVICAL - Empresa de Desatascos en Sevilla\",\"publisher\":{\"@id\":\"https:\/\/rehabilitaciondetuberias.net\/#organization\"},\"potentialAction\":[{\"@type\":\"SearchAction\",\"target\":{\"@type\":\"EntryPoint\",\"urlTemplate\":\"https:\/\/rehabilitaciondetuberias.net\/?s={search_term_string}\"},\"query-input\":{\"@type\":\"PropertyValueSpecification\",\"valueRequired\":true,\"valueName\":\"search_term_string\"}}],\"inLanguage\":\"es\"},{\"@type\":\"Organization\",\"@id\":\"https:\/\/rehabilitaciondetuberias.net\/#organization\",\"name\":\"Rehabilitacion de Tuberias\",\"url\":\"https:\/\/rehabilitaciondetuberias.net\/\",\"logo\":{\"@type\":\"ImageObject\",\"inLanguage\":\"es\",\"@id\":\"https:\/\/rehabilitaciondetuberias.net\/#\/schema\/logo\/image\/\",\"url\":\"https:\/\/rehabilitaciondetuberias.net\/wp-content\/uploads\/2018\/12\/cropped-logo-ovical.png\",\"contentUrl\":\"https:\/\/rehabilitaciondetuberias.net\/wp-content\/uploads\/2018\/12\/cropped-logo-ovical.png\",\"width\":190,\"height\":86,\"caption\":\"Rehabilitacion de Tuberias\"},\"image\":{\"@id\":\"https:\/\/rehabilitaciondetuberias.net\/#\/schema\/logo\/image\/\"}}]}<\/script>\n<!-- \/ Yoast SEO plugin. -->","yoast_head_json":{"title":"Contactar - Rehabilitacion de Tuberias","robots":{"index":"index","follow":"follow","max-snippet":"max-snippet:-1","max-image-preview":"max-image-preview:large","max-video-preview":"max-video-preview:-1"},"canonical":"https:\/\/rehabilitaciondetuberias.net\/?page_id=178","og_locale":"es_ES","og_type":"article","og_title":"Contactar - Rehabilitacion de Tuberias","og_description":"En OVICAL solucionamos sus problemas de rehabilitaci\u00f3n de tuber\u00edas, limpieza de alcantarillado, desatascos, inspecci\u00f3n de aguas y gesti\u00f3n de residuos con total garant\u00eda. Contacte con nosotros. Hacemos servicios urgentes 24 horas. &nbsp; Calle Torregrosa, 19. 41016 SevillaTel.: 954 406 635 &#8211; M.: 619 042 812www.ovical.com","og_url":"https:\/\/rehabilitaciondetuberias.net\/?page_id=178","og_site_name":"Rehabilitacion de Tuberias","article_modified_time":"2018-12-28T14:16:19+00:00","twitter_card":"summary_large_image","schema":{"@context":"https:\/\/schema.org","@graph":[{"@type":"WebPage","@id":"https:\/\/rehabilitaciondetuberias.net\/?page_id=178","url":"https:\/\/rehabilitaciondetuberias.net\/?page_id=178","name":"Contactar - Rehabilitacion de Tuberias","isPartOf":{"@id":"https:\/\/rehabilitaciondetuberias.net\/#website"},"datePublished":"2016-02-13T00:14:16+00:00","dateModified":"2018-12-28T14:16:19+00:00","breadcrumb":{"@id":"https:\/\/rehabilitaciondetuberias.net\/?page_id=178#breadcrumb"},"inLanguage":"es","potentialAction":[{"@type":"ReadAction","target":["https:\/\/rehabilitaciondetuberias.net\/?page_id=178"]}]},{"@type":"BreadcrumbList","@id":"https:\/\/rehabilitaciondetuberias.net\/?page_id=178#breadcrumb","itemListElement":[{"@type":"ListItem","position":1,"name":"Portada","item":"https:\/\/rehabilitaciondetuberias.net\/"},{"@type":"ListItem","position":2,"name":"Contactar"}]},{"@type":"WebSite","@id":"https:\/\/rehabilitaciondetuberias.net\/#website","url":"https:\/\/rehabilitaciondetuberias.net\/","name":"Rehabilitacion de Tuberias","description":"OVICAL - Empresa de Desatascos en Sevilla","publisher":{"@id":"https:\/\/rehabilitaciondetuberias.net\/#organization"},"potentialAction":[{"@type":"SearchAction","target":{"@type":"EntryPoint","urlTemplate":"https:\/\/rehabilitaciondetuberias.net\/?s={search_term_string}"},"query-input":{"@type":"PropertyValueSpecification","valueRequired":true,"valueName":"search_term_string"}}],"inLanguage":"es"},{"@type":"Organization","@id":"https:\/\/rehabilitaciondetuberias.net\/#organization","name":"Rehabilitacion de Tuberias","url":"https:\/\/rehabilitaciondetuberias.net\/","logo":{"@type":"ImageObject","inLanguage":"es","@id":"https:\/\/rehabilitaciondetuberias.net\/#\/schema\/logo\/image\/","url":"https:\/\/rehabilitaciondetuberias.net\/wp-content\/uploads\/2018\/12\/cropped-logo-ovical.png","contentUrl":"https:\/\/rehabilitaciondetuberias.net\/wp-content\/uploads\/2018\/12\/cropped-logo-ovical.png","width":190,"height":86,"caption":"Rehabilitacion de Tuberias"},"image":{"@id":"https:\/\/rehabilitaciondetuberias.net\/#\/schema\/logo\/image\/"}}]}},"_links":{"self":[{"href":"https:\/\/rehabilitaciondetuberias.net\/index.php?rest_route=\/wp\/v2\/pages\/178","targetHints":{"allow":["GET"]}}],"collection":[{"href":"https:\/\/rehabilitaciondetuberias.net\/index.php?rest_route=\/wp\/v2\/pages"}],"about":[{"href":"https:\/\/rehabilitaciondetuberias.net\/index.php?rest_route=\/wp\/v2\/types\/page"}],"author":[{"embeddable":true,"href":"https:\/\/rehabilitaciondetuberias.net\/index.php?rest_route=\/wp\/v2\/users\/1"}],"replies":[{"embeddable":true,"href":"https:\/\/rehabilitaciondetuberias.net\/index.php?rest_route=%2Fwp%2Fv2%2Fcomments&post=178"}],"version-history":[{"count":19,"href":"https:\/\/rehabilitaciondetuberias.net\/index.php?rest_route=\/wp\/v2\/pages\/178\/revisions"}],"predecessor-version":[{"id":872,"href":"https:\/\/rehabilitaciondetuberias.net\/index.php?rest_route=\/wp\/v2\/pages\/178\/revisions\/872"}],"wp:attachment":[{"href":"https:\/\/rehabilitaciondetuberias.net\/index.php?rest_route=%2Fwp%2Fv2%2Fmedia&parent=178"}],"curies":[{"name":"wp","href":"https:\/\/api.w.org\/{rel}","templated":true}]}}